  {"id":961,"date":"2021-05-17T19:17:25","date_gmt":"2021-05-17T19:17:25","guid":{"rendered":"https:\/\/www.hawaii.edu\/student-basic-needs\/?page_id=961"},"modified":"2021-09-23T04:29:05","modified_gmt":"2021-09-23T04:29:05","slug":"frequently-asked-questions","status":"publish","type":"page","link":"https:\/\/www.hawaii.edu\/student-basic-needs-olelohawaii\/frequently-asked-questions\/","title":{"rendered":"N\u012bnau Pinepine (FAQs)"},"content":{"rendered":"\n<ul class=\"wp-block-list\"><li><a href=\"#findhelp-log-in\" data-type=\"internal\" data-id=\"#findhelp-log-in\">Pehea e loa\u02bba \u02bbo findhelp.org?<\/a><\/li><li><a href=\"#link-to-SBN-site\" data-type=\"internal\" data-id=\"#link-to-SBN-site\">Aia i hea ka loulou no ke kaha p\u016bnaewele o n\u0101 pono ola haum\u0101na?<\/a><\/li><li><a href=\"#qualify_programs\" data-type=\"internal\" data-id=\"#qualify_programs\">Pehea wau e \u02bbike in\u0101 k\u016b ko\u02bbu kulana i n\u0101 pono o kekahi polokalamu?<\/a><\/li><li><a href=\"#reapply_program\" data-type=\"internal\" data-id=\"#reapply_program\">Hiki ia\u02bbu ke noi hou i kekahi polokalamu?<\/a><\/li><li><a href=\"#refer_nonUH\" data-type=\"internal\" data-id=\"#refer_nonUH\">Hiki ia\u02bbu ke h\u0101\u02bbawi ka inoa o n\u0101 k\u0101naka Âé¶¹´«Ã½\u02bbole i k\u0113ia mau polokalamu?<\/a><\/li><\/ul>\n\n\n\n<hr class=\"wp-block-separator\" \/>\n\n\n\n<p class=\"wp-block-paragraph\" id=\"findhelp-log-in\"><strong>Pehea e loa\u02bba \u02bbo findhelp.org?<\/strong><\/p>\n\n\n\n<p class=\"wp-block-paragraph\">E komo i ke kaha p\u016bnaewele\u00a0\u02bbo UH\u00a0<a rel=\"noreferrer noopener\" href=\"http:\/\/findhelp.org\/\" target=\"_blank\">findhelp.org<\/a>\u00a0penei: ma kona loulou k\u016bhelu ma\u00a0<a rel=\"noreferrer noopener\" href=\"http:\/\/uhstudentbasicneeds.auntbertha.com\/\" target=\"_blank\">uhstudentbasicneeds.auntbertha.com<\/a>, ma n\u0101 \u02bbao\u02bbao like \u02bbole o ke kaha p\u016bnaewele \u02bbo Âé¶¹´«Ã½Student Basic Needs, a i \u02bbole ma ke kikokiko \u02bbana i kou helu kuhi ma n\u0101 pahu huli ma ke kaha p\u016bnaewele kumu waiwai kahua kula. Hana p\u016b \u02bbo Âé¶¹´«Ã½me Aunt Bertha e ho\u02bbom\u0101kaukau i ke k\u0101inoa ho\u02bbokahi no ke kanaka nona ka waihona UH.<\/p>\n\n\n\n<div style=\"height:50px\" aria-hidden=\"true\" class=\"wp-block-spacer\"><\/div>\n\n\n\n<p class=\"wp-block-paragraph\" id=\"link-to-SBN-site\"><strong>Aia i hea ka loulou no ke kaha p\u016bnaewele o n\u0101 pono ola haum\u0101na?<\/strong><\/p>\n\n\n\n<p class=\"wp-block-paragraph\">\u02bbO ka loulou no ke kaha p\u016bnaewele SBN \u02bbo ia \u02bbo\u00a0<a rel=\"noreferrer noopener\" href=\"http:\/\/hawaii.edu\/student-basic-needs\/\" target=\"_blank\">hawaii.edu\/student-basic-needs\/<\/a>. Aia ka loulou ma lalo o k\u0113l\u0101, k\u0113ia \u02bbao\u02bbao Laulima. Paipai \u02bbia n\u0101 kumu a polopeka e ho\u02bbokomo i ka \u02bb\u014dlelo SBN (me kona loulou kekahi) ma ko l\u0101kou \u02bboloke\u02bba koina papa.<\/p>\n\n\n\n<div style=\"height:50px\" aria-hidden=\"true\" class=\"wp-block-spacer\"><\/div>\n\n\n\n<p class=\"wp-block-paragraph\" id=\"qualify_programs\"><strong>Pehea wau e \u02bbike in\u0101 k\u016b ko\u02bbu kulana i n\u0101 pono o kekahi polokalamu?<\/strong><\/p>\n\n\n\n<p class=\"wp-block-paragraph\">He mau lula a koina k\u012bko\u02bb\u012b ko k\u0113l\u0101, k\u0113ia polokalamu. Ma ka Âé¶¹´«Ã½Aunt Bertha website e \u02bbimi i n\u0101 koina ho\u02bbok\u016bpono ma ka ho\u02bbohana \u02bbana i ke pihi hana \u02bbo\u00a0<em>Filter<\/em>. H\u014d\u02bbike ka m\u0101hele \u02bbo\u00a0<em>More Info<\/em>\u00a0i n\u0101 koina no ka \u02bb\u0101pono \u02bbia \u02bbana.<\/p>\n\n\n\n<div style=\"height:50px\" aria-hidden=\"true\" class=\"wp-block-spacer\"><\/div>\n\n\n\n<p class=\"wp-block-paragraph\" id=\"reapply_program\"><strong>Hiki ia\u02bbu ke noi hou i kekahi polokalamu?<\/strong><\/p>\n\n\n\n<p class=\"wp-block-paragraph\">Pono e launa me ka polokalamu no ka mea he mau lula a koina k\u012bko\u02bb\u012b ko k\u0113l\u0101, k\u0113ia polokalamu.<\/p>\n\n\n\n<div style=\"height:50px\" aria-hidden=\"true\" class=\"wp-block-spacer\"><\/div>\n\n\n\n<p class=\"wp-block-paragraph\" id=\"refer_nonUH\"><strong>Hiki ia\u02bbu ke h\u0101\u02bbawi ka inoa o n\u0101 k\u0101naka Âé¶¹´«Ã½\u02bbole i k\u0113ia mau polokalamu<\/strong>?<\/p>\n\n\n\n<p class=\"wp-block-paragraph\">Ke h\u0101\u02bbawi \u02bbia ka inoa o ke kanaka \u02bbohana pili \u02bbole a i \u02bbole paha \u02bbo ke kanaka hele kulanui Âé¶¹´«Ã½\u02bbole, e \u02bbolu\u02bbolu e ho\u02bbohana i k\u0101 ka Aunt Bertha kahua pa\u02bba p\u016bnaewele lehulehu \u02bbo\u00a0<a rel=\"noreferrer noopener\" href=\"http:\/\/findhelp.org\/\" target=\"_blank\">findhelp.org<\/a>. Hiki i n\u0101 kanaka like \u02bbole ke ho\u02bbohana i k\u0113ia kaha p\u016bnaewele a aia n\u0101 polokalamu like ma laila me ko ke kahua pa\u02bba p\u016bnaewele Âé¶¹´«Ã½Aunt Bertha website.<\/p>\n","protected":false},"excerpt":{"rendered":"<p>Pehea e loa\u02bba \u02bbo findhelp.org? Aia i hea ka loulou no ke kaha p\u016bnaewele o n\u0101 pono ola haum\u0101na? Pehea wau e \u02bbike in\u0101 k\u016b ko\u02bbu kulana i n\u0101 pono o kekahi polokalamu? Hiki ia\u02bbu ke noi hou i kekahi &hellip; <\/p>\n","protected":false},"author":2,"featured_media":0,"parent":0,"menu_order":0,"comment_status":"closed","ping_status":"closed","template":"","meta":{"_crdt_document":"","footnotes":""},"class_list":["post-961","page","type-page","status-publish","hentry"],"_links":{"self":[{"href":"https:\/\/www.hawaii.edu\/student-basic-needs-olelohawaii\/wp-json\/wp\/v2\/pages\/961","targetHints":{"allow":["GET"]}}],"collection":[{"href":"https:\/\/www.hawaii.edu\/student-basic-needs-olelohawaii\/wp-json\/wp\/v2\/pages"}],"about":[{"href":"https:\/\/www.hawaii.edu\/student-basic-needs-olelohawaii\/wp-json\/wp\/v2\/types\/page"}],"author":[{"embeddable":true,"href":"https:\/\/www.hawaii.edu\/student-basic-needs-olelohawaii\/wp-json\/wp\/v2\/users\/2"}],"replies":[{"embeddable":true,"href":"https:\/\/www.hawaii.edu\/student-basic-needs-olelohawaii\/wp-json\/wp\/v2\/comments?post=961"}],"version-history":[{"count":3,"href":"https:\/\/www.hawaii.edu\/student-basic-needs-olelohawaii\/wp-json\/wp\/v2\/pages\/961\/revisions"}],"predecessor-version":[{"id":1179,"href":"https:\/\/www.hawaii.edu\/student-basic-needs-olelohawaii\/wp-json\/wp\/v2\/pages\/961\/revisions\/1179"}],"wp:attachment":[{"href":"https:\/\/www.hawaii.edu\/student-basic-needs-olelohawaii\/wp-json\/wp\/v2\/media?parent=961"}],"curies":[{"name":"wp","href":"https:\/\/api.w.org\/{rel}","templated":true}]}}