  {"id":797,"date":"2023-07-06T06:52:35","date_gmt":"2023-07-06T16:52:35","guid":{"rendered":"https:\/\/www.hawaii.edu\/kawaihapai\/?page_id=797"},"modified":"2025-10-17T11:33:01","modified_gmt":"2025-10-17T21:33:01","slug":"project-team","status":"publish","type":"page","link":"https:\/\/www.hawaii.edu\/kawaihapai\/project-team\/","title":{"rendered":"Project Team"},"content":{"rendered":"\n<div class=\"wp-block-columns is-layout-flex wp-container-core-columns-is-layout-9d6595d7 wp-block-columns-is-layout-flex\">\n<div class=\"wp-block-column is-layout-flow wp-block-column-is-layout-flow\"><div class=\"wp-block-image is-style-rounded\">\n<figure class=\"aligncenter size-medium is-resized\"><img loading=\"lazy\" decoding=\"async\" width=\"324\" height=\"324\" src=\"https:\/\/www.hawaii.edu\/kawaihapai\/wp-content\/uploads\/sites\/42\/2022\/05\/shavonn-matsuda-bio-pic-edited.jpg\" alt=\"\" class=\"wp-image-195\" style=\"width:237px;height:237px\" srcset=\"https:\/\/www.hawaii.edu\/kawaihapai\/wp-content\/uploads\/sites\/42\/2022\/05\/shavonn-matsuda-bio-pic-edited.jpg 324w, https:\/\/www.hawaii.edu\/kawaihapai\/wp-content\/uploads\/sites\/42\/2022\/05\/shavonn-matsuda-bio-pic-edited-300x300.jpg 300w, https:\/\/www.hawaii.edu\/kawaihapai\/wp-content\/uploads\/sites\/42\/2022\/05\/shavonn-matsuda-bio-pic-edited-150x150.jpg 150w\" sizes=\"auto, (max-width: 324px) 100vw, 324px\" \/><figcaption class=\"wp-element-caption\">Dr. Shavonn Matsuda<br>Principal Investigator \/ Director <br>Faculty, Âé¶¹´«Ã½Maui College<br>shavonn@hawaii.edu<\/figcaption><\/figure>\n<\/div><\/div>\n\n\n\n<div class=\"wp-block-column is-layout-flow wp-block-column-is-layout-flow\"><div class=\"wp-block-image is-style-rounded\">\n<figure class=\"aligncenter size-medium is-resized\"><img loading=\"lazy\" decoding=\"async\" width=\"2193\" height=\"2212\" src=\"https:\/\/www.hawaii.edu\/kawaihapai\/wp-content\/uploads\/sites\/42\/2022\/05\/AnnemarieKWH-edited.jpg\" alt=\"\" class=\"wp-image-196\" style=\"width:237px;height:237px\" srcset=\"https:\/\/www.hawaii.edu\/kawaihapai\/wp-content\/uploads\/sites\/42\/2022\/05\/AnnemarieKWH-edited.jpg 2193w, https:\/\/www.hawaii.edu\/kawaihapai\/wp-content\/uploads\/sites\/42\/2022\/05\/AnnemarieKWH-edited-297x300.jpg 297w, https:\/\/www.hawaii.edu\/kawaihapai\/wp-content\/uploads\/sites\/42\/2022\/05\/AnnemarieKWH-edited-1015x1024.jpg 1015w, https:\/\/www.hawaii.edu\/kawaihapai\/wp-content\/uploads\/sites\/42\/2022\/05\/AnnemarieKWH-edited-150x150.jpg 150w, https:\/\/www.hawaii.edu\/kawaihapai\/wp-content\/uploads\/sites\/42\/2022\/05\/AnnemarieKWH-edited-768x775.jpg 768w, https:\/\/www.hawaii.edu\/kawaihapai\/wp-content\/uploads\/sites\/42\/2022\/05\/AnnemarieKWH-edited-1523x1536.jpg 1523w, https:\/\/www.hawaii.edu\/kawaihapai\/wp-content\/uploads\/sites\/42\/2022\/05\/AnnemarieKWH-edited-2030x2048.jpg 2030w\" sizes=\"auto, (max-width: 2193px) 100vw, 2193px\" \/><figcaption class=\"wp-element-caption\">Annemarie Paikai<br>Co-Investigator \/ <br>\u02bb\u014clelo Hawai\u02bbi Lead<br>Hawai\u02bbi-Pacific Resources Librarian, Âé¶¹´«Ã½Hilo<br>aapaikai@hawaii.edu<\/figcaption><\/figure>\n<\/div><\/div>\n\n\n\n<div class=\"wp-block-column is-layout-flow wp-block-column-is-layout-flow\"><div class=\"wp-block-image is-style-rounded\">\n<figure class=\"aligncenter size-medium is-resized\"><img loading=\"lazy\" decoding=\"async\" width=\"738\" height=\"739\" src=\"https:\/\/www.hawaii.edu\/kawaihapai\/wp-content\/uploads\/sites\/42\/2022\/05\/Keahiahi-edited.jpg\" alt=\"\" class=\"wp-image-197\" style=\"width:237px;height:237px\" srcset=\"https:\/\/www.hawaii.edu\/kawaihapai\/wp-content\/uploads\/sites\/42\/2022\/05\/Keahiahi-edited.jpg 738w, https:\/\/www.hawaii.edu\/kawaihapai\/wp-content\/uploads\/sites\/42\/2022\/05\/Keahiahi-edited-300x300.jpg 300w, https:\/\/www.hawaii.edu\/kawaihapai\/wp-content\/uploads\/sites\/42\/2022\/05\/Keahiahi-edited-150x150.jpg 150w\" sizes=\"auto, (max-width: 738px) 100vw, 738px\" \/><figcaption class=\"wp-element-caption\">Keahiahi Long<br>Co-Investigator \/ <br>Magic Spinner<br>Faculty, Library &amp; Information Science Program, Âé¶¹´«Ã½M\u0101noa <br>keahiahi@hawaii.edu<\/figcaption><\/figure>\n<\/div><\/div>\n<\/div>\n\n\n\n<div class=\"wp-block-columns is-layout-flex wp-container-core-columns-is-layout-9d6595d7 wp-block-columns-is-layout-flex\">\n<div class=\"wp-block-column is-layout-flow wp-block-column-is-layout-flow\"><div class=\"wp-block-image is-style-rounded\">\n<figure class=\"aligncenter size-full is-resized\"><img loading=\"lazy\" decoding=\"async\" width=\"200\" height=\"200\" src=\"https:\/\/www.hawaii.edu\/kawaihapai\/wp-content\/uploads\/sites\/42\/2025\/10\/Kawena-bio-edited.png\" alt=\"\" class=\"wp-image-3093\" style=\"width:232px;height:auto\" srcset=\"https:\/\/www.hawaii.edu\/kawaihapai\/wp-content\/uploads\/sites\/42\/2025\/10\/Kawena-bio-edited.png 200w, https:\/\/www.hawaii.edu\/kawaihapai\/wp-content\/uploads\/sites\/42\/2025\/10\/Kawena-bio-edited-150x150.png 150w\" sizes=\"auto, (max-width: 200px) 100vw, 200px\" \/><figcaption class=\"wp-element-caption\">Kawena Komeiji<br>Hawaiian Initiatives Librarian,<br>Hamilton Library, Âé¶¹´«Ã½M\u0101noa<\/figcaption><\/figure>\n<\/div><\/div>\n\n\n\n<div class=\"wp-block-column is-layout-flow wp-block-column-is-layout-flow\"><div class=\"wp-block-image is-style-rounded\">\n<figure class=\"aligncenter size-medium is-resized\"><img loading=\"lazy\" decoding=\"async\" width=\"285\" height=\"300\" src=\"https:\/\/www.hawaii.edu\/kawaihapai\/wp-content\/uploads\/sites\/42\/2025\/10\/Hinano-bio-1-285x300.png\" alt=\"\" class=\"wp-image-3162\" style=\"width:237px;height:237px\" srcset=\"https:\/\/www.hawaii.edu\/kawaihapai\/wp-content\/uploads\/sites\/42\/2025\/10\/Hinano-bio-1-285x300.png 285w, https:\/\/www.hawaii.edu\/kawaihapai\/wp-content\/uploads\/sites\/42\/2025\/10\/Hinano-bio-1.png 431w\" sizes=\"auto, (max-width: 285px) 100vw, 285px\" \/><figcaption class=\"wp-element-caption\">Hinano Tangaro<br>\u02bb\u014clelo Hawai\u02bbi Metadata Librarian, Hamilton Library, Âé¶¹´«Ã½M\u0101noa<\/figcaption><\/figure>\n<\/div><\/div>\n\n\n\n<div class=\"wp-block-column is-layout-flow wp-block-column-is-layout-flow\"><div class=\"wp-block-image is-style-rounded\">\n<figure class=\"aligncenter size-medium is-resized\"><img loading=\"lazy\" decoding=\"async\" width=\"300\" height=\"296\" src=\"https:\/\/www.hawaii.edu\/kawaihapai\/wp-content\/uploads\/sites\/42\/2022\/05\/Margaret-edited-300x296.jpg\" alt=\"\" class=\"wp-image-194\" style=\"width:237px;height:237px\" srcset=\"https:\/\/www.hawaii.edu\/kawaihapai\/wp-content\/uploads\/sites\/42\/2022\/05\/Margaret-edited-300x296.jpg 300w, https:\/\/www.hawaii.edu\/kawaihapai\/wp-content\/uploads\/sites\/42\/2022\/05\/Margaret-edited-768x757.jpg 768w, https:\/\/www.hawaii.edu\/kawaihapai\/wp-content\/uploads\/sites\/42\/2022\/05\/Margaret-edited.jpg 960w\" sizes=\"auto, (max-width: 300px) 100vw, 300px\" \/><figcaption class=\"wp-element-caption\">Margaret Joyce<br>Metadata Specialist Librarian, Hamilton Library, Âé¶¹´«Ã½M\u0101noa<\/figcaption><\/figure>\n<\/div><\/div>\n<\/div>\n\n\n\n<div class=\"wp-block-columns is-layout-flex wp-container-core-columns-is-layout-9d6595d7 wp-block-columns-is-layout-flex\">\n<div class=\"wp-block-column is-layout-flow wp-block-column-is-layout-flow\"><div class=\"wp-block-image is-style-rounded\">\n<figure class=\"aligncenter size-full is-resized\"><img loading=\"lazy\" decoding=\"async\" width=\"144\" height=\"144\" src=\"https:\/\/www.hawaii.edu\/kawaihapai\/wp-content\/uploads\/sites\/42\/2025\/10\/Kapena-bio.png\" alt=\"\" class=\"wp-image-3089\" style=\"width:237px;height:237px\" \/><figcaption class=\"wp-element-caption\">Kapena Shim<br>Co-Investigator \/ N\u016bpepa Index Lead<br>Librarian, Hamilton Library, Âé¶¹´«Ã½M\u0101noa<\/figcaption><\/figure>\n<\/div><\/div>\n\n\n\n<div class=\"wp-block-column is-layout-flow wp-block-column-is-layout-flow\"><div class=\"wp-block-image is-style-rounded\">\n<figure class=\"aligncenter size-medium is-resized\"><img loading=\"lazy\" decoding=\"async\" width=\"300\" height=\"300\" src=\"https:\/\/www.hawaii.edu\/kawaihapai\/wp-content\/uploads\/sites\/42\/2024\/07\/logo-300x300.png\" alt=\"\" class=\"wp-image-2861\" style=\"width:237px;height:237px\" srcset=\"https:\/\/www.hawaii.edu\/kawaihapai\/wp-content\/uploads\/sites\/42\/2024\/07\/logo-300x300.png 300w, https:\/\/www.hawaii.edu\/kawaihapai\/wp-content\/uploads\/sites\/42\/2024\/07\/logo-150x150.png 150w, https:\/\/www.hawaii.edu\/kawaihapai\/wp-content\/uploads\/sites\/42\/2024\/07\/logo-768x770.png 768w, https:\/\/www.hawaii.edu\/kawaihapai\/wp-content\/uploads\/sites\/42\/2024\/07\/logo.png 981w\" sizes=\"auto, (max-width: 300px) 100vw, 300px\" \/><figcaption class=\"wp-element-caption\">Helen Wong Smith<br>Archivist for University Records, Hamilton Library, Âé¶¹´«Ã½M\u0101noa<\/figcaption><\/figure>\n<\/div><\/div>\n\n\n\n<div class=\"wp-block-column is-layout-flow wp-block-column-is-layout-flow\"><div class=\"wp-block-image is-style-rounded\">\n<figure class=\"aligncenter size-medium is-resized\"><img loading=\"lazy\" decoding=\"async\" width=\"300\" height=\"300\" src=\"https:\/\/www.hawaii.edu\/kawaihapai\/wp-content\/uploads\/sites\/42\/2024\/07\/logo-300x300.png\" alt=\"\" class=\"wp-image-2861\" style=\"width:237px;height:237px\" srcset=\"https:\/\/www.hawaii.edu\/kawaihapai\/wp-content\/uploads\/sites\/42\/2024\/07\/logo-300x300.png 300w, https:\/\/www.hawaii.edu\/kawaihapai\/wp-content\/uploads\/sites\/42\/2024\/07\/logo-150x150.png 150w, https:\/\/www.hawaii.edu\/kawaihapai\/wp-content\/uploads\/sites\/42\/2024\/07\/logo-768x770.png 768w, https:\/\/www.hawaii.edu\/kawaihapai\/wp-content\/uploads\/sites\/42\/2024\/07\/logo.png 981w\" sizes=\"auto, (max-width: 300px) 100vw, 300px\" \/><figcaption class=\"wp-element-caption\">Ani Kawada<br>Hawai\u02bbi Cataloger\/Metadata Librarian, Hamilton Library, Âé¶¹´«Ã½M\u0101noa<\/figcaption><\/figure>\n<\/div><\/div>\n<\/div>\n\n\n\n<h2 class=\"wp-block-heading has-text-color\" style=\"color:#21aba8;text-transform:uppercase\">Community consultants<\/h2>\n\n\n\n<p>As the vision and intent of the Hawaiian Knowledge Organization System is centered around co-creation, there is an intentional focus on community engagement across the project\u2019s life span, as well as a concerted effort towards building a community of practice around knowledge organization and social justice. Thus, we work in consultation with loea, or Hawaiian knowledge experts. These experts share insights into Indigenous Hawaiian epistemologies, language, and culture. Loea meet with the Project Team to provide in-depth feedback into project developments while sharing their communities\u2019 specific challenges and needs relevant to each project phase. In addition to loea, our team also consults with technical knowledge organization experts who specialize in metadata creation and Indigenous vocabularies.<\/p>\n\n\n\n<h3 class=\"wp-block-heading\"><strong>N\u0101 Loea: Hawaiian Knowledge Experts<\/strong><\/h3>\n\n\n\n<p>Dr. Noelani Arista, Chair of Indigenous Studies and Associate Professor, History and Classical Studies (McGill University)<br>Maelia Loebenstein Carter, Kumu Hula (Ka P\u0101 Hula O Kauanoe O Wa\u02bbahila)<br>Kahele Dukelow, Vice Chancellor of Academic Affairs (University of Hawai\u02bbi Maui College)<br>Dr. Kekoa Harman, Associate Professor, Ka Haka \u02bbUla O Ke\u02bbelik\u014dlani (University of Hawai\u02bbi at Hilo)<br>Dr. H\u014dk\u016blani Holt-Padilla, Director, Ka Hikina O Ka L\u0101 (University of Hawai\u02bbi Maui College)<br>Dr. Kalei Nu\u02bbuhiwa, Chief Executive Officer (Mauliola Endowment LLC)<\/p>\n\n\n\n<h3 class=\"wp-block-heading\"><strong>Technical Knowledge Organization Experts<\/strong><\/h3>\n\n\n\n<p>Dr. Sharon Farnel, Metadata Strategies Head (University of Alberta)<br>Dr. Sandra Littletree, Assistant Professor (University of Washington)<br>Whina Te Whiu, Curator (Te Ahu Museum) and Former Project Manager (M\u0101ori Subject Headings Working Group)<\/p>\n\n\n\n<h2 class=\"wp-block-heading has-text-color\" style=\"color:#21aba8;text-transform:uppercase\">Previous project team members<\/h2>\n\n\n\n<div class=\"wp-block-columns is-layout-flex wp-container-core-columns-is-layout-9d6595d7 wp-block-columns-is-layout-flex\">\n<div class=\"wp-block-column is-layout-flow wp-block-column-is-layout-flow\"><div class=\"wp-block-image is-style-rounded\">\n<figure class=\"aligncenter size-full is-resized\"><img loading=\"lazy\" decoding=\"async\" width=\"720\" height=\"722\" src=\"https:\/\/www.hawaii.edu\/kawaihapai\/wp-content\/uploads\/sites\/42\/2022\/05\/EJK_KWH-edited.jpg\" alt=\"\" class=\"wp-image-192\" style=\"width:207px;height:207px\" srcset=\"https:\/\/www.hawaii.edu\/kawaihapai\/wp-content\/uploads\/sites\/42\/2022\/05\/EJK_KWH-edited.jpg 720w, https:\/\/www.hawaii.edu\/kawaihapai\/wp-content\/uploads\/sites\/42\/2022\/05\/EJK_KWH-edited-300x300.jpg 300w, https:\/\/www.hawaii.edu\/kawaihapai\/wp-content\/uploads\/sites\/42\/2022\/05\/EJK_KWH-edited-150x150.jpg 150w\" sizes=\"auto, (max-width: 720px) 100vw, 720px\" \/><figcaption class=\"wp-element-caption\">Eleanor Kleiber<br>Pacific Collection Librarian, Hamilton Library, Âé¶¹´«Ã½M\u0101noa<\/figcaption><\/figure>\n<\/div><\/div>\n\n\n\n<div class=\"wp-block-column is-layout-flow wp-block-column-is-layout-flow\"><div class=\"wp-block-image is-style-rounded\">\n<figure class=\"aligncenter size-full is-resized\"><img loading=\"lazy\" decoding=\"async\" width=\"392\" height=\"393\" src=\"https:\/\/www.hawaii.edu\/kawaihapai\/wp-content\/uploads\/sites\/42\/2023\/05\/Hau\u02bbolihiwahiwa-Moniz-edited-1.jpg\" alt=\"\" class=\"wp-image-569\" style=\"width:207px;height:207px\" srcset=\"https:\/\/www.hawaii.edu\/kawaihapai\/wp-content\/uploads\/sites\/42\/2023\/05\/Hau\u02bbolihiwahiwa-Moniz-edited-1.jpg 392w, https:\/\/www.hawaii.edu\/kawaihapai\/wp-content\/uploads\/sites\/42\/2023\/05\/Hau\u02bbolihiwahiwa-Moniz-edited-1-300x300.jpg 300w, https:\/\/www.hawaii.edu\/kawaihapai\/wp-content\/uploads\/sites\/42\/2023\/05\/Hau\u02bbolihiwahiwa-Moniz-edited-1-150x150.jpg 150w\" sizes=\"auto, (max-width: 392px) 100vw, 392px\" \/><figcaption class=\"wp-element-caption\">Hau\u02bbolihiwahiwa Moniz <br>Graduate Research Assistant<\/figcaption><\/figure>\n<\/div><\/div>\n\n\n\n<div class=\"wp-block-column is-layout-flow wp-block-column-is-layout-flow\"><div class=\"wp-block-image is-style-rounded\">\n<figure class=\"aligncenter size-full is-resized\"><img decoding=\"async\" src=\"https:\/\/www.hawaii.edu\/kawaihapai\/wp-content\/uploads\/sites\/42\/2023\/05\/IMG_8681-1.jpg\" alt=\"\" class=\"wp-image-577\" style=\"aspect-ratio:1;width:215px;height:auto\" \/><figcaption class=\"wp-element-caption\">Kyle Hart<br>Graduate Research Assistant<\/figcaption><\/figure>\n<\/div><\/div>\n<\/div>\n\n\n\n<div class=\"wp-block-columns is-layout-flex wp-container-core-columns-is-layout-9d6595d7 wp-block-columns-is-layout-flex\">\n<div class=\"wp-block-column is-layout-flow wp-block-column-is-layout-flow\"><div class=\"wp-block-image is-style-rounded\">\n<figure class=\"aligncenter size-medium is-resized\"><img loading=\"lazy\" decoding=\"async\" width=\"300\" height=\"300\" src=\"https:\/\/www.hawaii.edu\/kawaihapai\/wp-content\/uploads\/sites\/42\/2022\/05\/David-edited-300x300.jpg\" alt=\"\" class=\"wp-image-193\" style=\"width:237px;height:237px\" srcset=\"https:\/\/www.hawaii.edu\/kawaihapai\/wp-content\/uploads\/sites\/42\/2022\/05\/David-edited-300x300.jpg 300w, https:\/\/www.hawaii.edu\/kawaihapai\/wp-content\/uploads\/sites\/42\/2022\/05\/David-edited-150x150.jpg 150w, https:\/\/www.hawaii.edu\/kawaihapai\/wp-content\/uploads\/sites\/42\/2022\/05\/David-edited.jpg 443w\" sizes=\"auto, (max-width: 300px) 100vw, 300px\" \/><figcaption class=\"wp-element-caption\">David Gustavsen<br>Data Visualization Specialist Librarian<\/figcaption><\/figure>\n<\/div><\/div>\n\n\n\n<div class=\"wp-block-column is-layout-flow wp-block-column-is-layout-flow\"><\/div>\n\n\n\n<div class=\"wp-block-column is-layout-flow wp-block-column-is-layout-flow\"><\/div>\n<\/div>\n","protected":false},"excerpt":{"rendered":"<p>Community consultants As the vision and intent of the Hawaiian Knowledge Organization System is centered around co-creation, there is an intentional focus on community engagement across the project\u2019s life span, as well as a concerted effort towards building a community &hellip; <\/p>\n","protected":false},"author":149,"featured_media":0,"parent":0,"menu_order":0,"comment_status":"closed","ping_status":"closed","template":"","meta":{"footnotes":""},"class_list":["post-797","page","type-page","status-publish","hentry"],"_links":{"self":[{"href":"https:\/\/www.hawaii.edu\/kawaihapai\/wp-json\/wp\/v2\/pages\/797","targetHints":{"allow":["GET"]}}],"collection":[{"href":"https:\/\/www.hawaii.edu\/kawaihapai\/wp-json\/wp\/v2\/pages"}],"about":[{"href":"https:\/\/www.hawaii.edu\/kawaihapai\/wp-json\/wp\/v2\/types\/page"}],"author":[{"embeddable":true,"href":"https:\/\/www.hawaii.edu\/kawaihapai\/wp-json\/wp\/v2\/users\/149"}],"replies":[{"embeddable":true,"href":"https:\/\/www.hawaii.edu\/kawaihapai\/wp-json\/wp\/v2\/comments?post=797"}],"version-history":[{"count":11,"href":"https:\/\/www.hawaii.edu\/kawaihapai\/wp-json\/wp\/v2\/pages\/797\/revisions"}],"predecessor-version":[{"id":3167,"href":"https:\/\/www.hawaii.edu\/kawaihapai\/wp-json\/wp\/v2\/pages\/797\/revisions\/3167"}],"wp:attachment":[{"href":"https:\/\/www.hawaii.edu\/kawaihapai\/wp-json\/wp\/v2\/media?parent=797"}],"curies":[{"name":"wp","href":"https:\/\/api.w.org\/{rel}","templated":true}]}}