  {"id":761,"date":"2023-06-13T16:36:06","date_gmt":"2023-06-14T02:36:06","guid":{"rendered":"https:\/\/www.hawaii.edu\/kawaihapai\/?page_id=761"},"modified":"2024-05-24T13:06:01","modified_gmt":"2024-05-24T23:06:01","slug":"kahiki","status":"publish","type":"page","link":"https:\/\/www.hawaii.edu\/kawaihapai\/kahiki\/","title":{"rendered":"Kahiki"},"content":{"rendered":"\n<p><strong><strong>Inoa | Name(s)<\/strong><\/strong><\/p>\n\n\n\n<p>Kahiki<\/p>\n\n\n\n<p><strong>Hi\u02bbona \u02bb\u0101ina | Land characteristic:<\/strong> Kekahi mea \u02bboko\u02bba<\/p>\n\n\n\n<p><strong>Hi\u02bbona \u02bb\u0101ina nona k\u0113ia wahi | Feature(s) that contain this place:<\/strong> <a href=\"https:\/\/www.hawaii.edu\/kawaihapai\/honua\/\" data-type=\"page\" data-id=\"763\">Honua<\/a><\/p>\n\n\n\n<p><strong>H\u014d\u02bbulu\u02bbulu mana\u02bbo<\/strong><\/p>\n\n\n\n<p>\u02bbO Kahiki n\u0101 \u02bb\u0101ina a pau ma waho o ka Pae \u02bb\u0101ina o Hawai\u02bbi. Ma ka w\u0101 kahiko, no Kahiki mai kekahi mau akua Hawai\u02bbi kaulana loa. Ua huaka\u02bbi nui n\u0101 me\u02bbe o n\u0101 mo\u02bbolelo kahiko i wahi ma waho o Hawai\u02bbi a kapa \u02bbia k\u0113l\u0101 o Kahiki.&nbsp;<\/p>\n\n\n\n<p><strong>Description<\/strong><\/p>\n\n\n\n<p>Kahiki includes all the lands that fall outside ka pae \u02bb\u0101ina of Hawai\u02bbi.&nbsp;<\/p>\n\n\n\n<p><strong>\u02bb\u014clelo kuhikuhi<\/strong><\/p>\n\n\n\n<p>E koho i\u0101 &#8220;Kahiki&#8221; no n\u0101 kumuwaiwai pili i n\u0101 \u02bb\u0101ina ma waho o Hawai\u02bbi.&nbsp;<\/p>\n\n\n\n<p><strong>Instructions<\/strong><\/p>\n\n\n\n<p>Use for the lands outside of ka pae \u02bb\u0101ina o Hawai\u02bbi.<\/p>\n\n\n\n<p><strong><strong>Hana | Practice:<\/strong> <\/strong><a href=\"https:\/\/www.hawaii.edu\/kawaihapai\/hana-list\/holo-kai-holo-moana\/\" data-type=\"page\" data-id=\"1715\">Holo moana<\/a><\/p>\n\n\n\n<p><strong><strong>K\u016bmole | Source(s)<\/strong><\/strong><\/p>\n\n\n\n<p>Case, Emalani. <em>Everything Ancient Was Once New\u202f: Indigenous Persistence from Hawai\u02bbi to Kahiki<\/em>. Honolulu: University of Hawai\u02bbi Press, 2021.<\/p>\n\n\n\n<p><a href=\"https:\/\/hilo.hawaii.edu\/wehe\/?q=kahiki#w2w2-20323\">&#8220;Kahiki,&#8221; Andrews, Lorrin, Noenoe K. Silva, and Albert J. Sch\u00fctz. <em>A Dictionary of the Hawaiian Language\u202f: To Which Is Appended an English-Hawaiian Vocabulary and a Chronological Table of Remarkable Events<\/em>. 1st ed. Waipahu, Hawai\u02bbi: Island Heritage Pub., 2003. Wehewehewikiwiki.<\/a><\/p>\n\n\n\n<p><strong><strong>Ho\u02bbopili \u02bbia i | Applied to:<\/strong> <\/strong><a href=\"https:\/\/uhawaii-manoa.primo.exlibrisgroup.com\/permalink\/01UHAWAII_MANOA\/11uc19p\/alma9951119059705682\">Everything ancient was once new<\/a>, <a href=\"https:\/\/uhawaii-manoa.primo.exlibrisgroup.com\/permalink\/01UHAWAII_MANOA\/11uc19p\/alma9943189204605682\">K\u012bk\u0101 Kila: How the Hawaiian Steel Guitar Changed the Sound of Modern Music<\/a>, <a href=\"https:\/\/uhawaii-manoa.primo.exlibrisgroup.com\/permalink\/01UHAWAII_MANOA\/11uc19p\/alma9936036254605682\">Tribal libraries, archives, and museums : preserving our language, memory, and lifeways<\/a><\/p>\n\n\n\n<p><strong><strong>Mea haku | Created by:<\/strong><\/strong> Na ka hui \u02bbimi na\u02bbauao o Ka Wai H\u0101pai<\/p>\n","protected":false},"excerpt":{"rendered":"<p>Inoa | Name(s) Kahiki Hi\u02bbona \u02bb\u0101ina | Land characteristic: Kekahi mea \u02bboko\u02bba Hi\u02bbona \u02bb\u0101ina nona k\u0113ia wahi | Feature(s) that contain this place: Honua H\u014d\u02bbulu\u02bbulu mana\u02bbo \u02bbO Kahiki n\u0101 \u02bb\u0101ina a pau ma waho o ka Pae \u02bb\u0101ina o Hawai\u02bbi. &hellip; <\/p>\n","protected":false},"author":216,"featured_media":0,"parent":0,"menu_order":0,"comment_status":"closed","ping_status":"closed","template":"","meta":{"footnotes":""},"class_list":["post-761","page","type-page","status-publish","hentry"],"_links":{"self":[{"href":"https:\/\/www.hawaii.edu\/kawaihapai\/wp-json\/wp\/v2\/pages\/761","targetHints":{"allow":["GET"]}}],"collection":[{"href":"https:\/\/www.hawaii.edu\/kawaihapai\/wp-json\/wp\/v2\/pages"}],"about":[{"href":"https:\/\/www.hawaii.edu\/kawaihapai\/wp-json\/wp\/v2\/types\/page"}],"author":[{"embeddable":true,"href":"https:\/\/www.hawaii.edu\/kawaihapai\/wp-json\/wp\/v2\/users\/216"}],"replies":[{"embeddable":true,"href":"https:\/\/www.hawaii.edu\/kawaihapai\/wp-json\/wp\/v2\/comments?post=761"}],"version-history":[{"count":8,"href":"https:\/\/www.hawaii.edu\/kawaihapai\/wp-json\/wp\/v2\/pages\/761\/revisions"}],"predecessor-version":[{"id":2716,"href":"https:\/\/www.hawaii.edu\/kawaihapai\/wp-json\/wp\/v2\/pages\/761\/revisions\/2716"}],"wp:attachment":[{"href":"https:\/\/www.hawaii.edu\/kawaihapai\/wp-json\/wp\/v2\/media?parent=761"}],"curies":[{"name":"wp","href":"https:\/\/api.w.org\/{rel}","templated":true}]}}